 factor of 16 and r?
16
Let q be (12/(-5))/(1/(-10)). Let r(j) = j**3 + 17*j**2 + 56*j - 32. Let z be r(-8). What is the highest common factor of z and q?
24
Suppose 0 = -2*t - 2*x + 160, 4*x + 25 = 5*t - 375. Calculate the greatest common factor of t and 60.
20
Suppose -3*y + y = -136. Let v be y*((-60)/16 - -4). What is the highest common factor of 187 and v?
17
Let u = -3 - -8. Suppose -p - 30 = -5*y - 8, -2*y = -u*p - 18. Suppose 0 = n - k - 12, -k = y*n - n - 16. Calculate the highest common divisor of n and 7.
7
Suppose 150 = -5*x + 5*r + 560, -3*x + 4*r = -248. Let d = 110 - x. What is the greatest common divisor of d and 270?
30
Suppose -47 = -2*g + 4*d - 3, -5*d = g - 57. What is the highest common factor of g and 368?
16
Suppose -21 = -4*s + 3*j, 35 = 6*s - s - 2*j. Let u = 18 - s. What is the highest common factor of u and 36?
9
Let s = 12 - 10. Suppose 6 = -s*y + 54. Suppose -3*a = -a - y. What is the greatest common divisor of a and 96?
12
Let f(s) = s**3 - 4*s**2 - 9*s + 6. Let k be f(6). Let w be (51 + -3)*k/18. Calculate the greatest common factor of 160 and w.
32
Suppose 5*a - 44 = 2*x + 87, -3*x = -2*a + 180. Let j = -29 - x. Calculate the greatest common factor of 232 and j.
29
Let c(i) = -i**3 + i**2 + 4*i - 4. Let f be c(-5). Suppose 1 - 13 = -4*w, w = 4*k - 117. Suppose 84 = 3*u + k. Calculate the greatest common factor of f and u.
18
Let s be 18 - (((-10)/(-2) - -3) + -4). Calculate the highest common factor of s and 378.
14
Let i be (-3)/2*5/((-90)/132). Let y be (-1 - i)/(6 - (-27)/(-4)). What is the highest common divisor of 128 and y?
16
Suppose 21 - 29 = -4*r. Calculate the greatest common factor of r and 3.
1
Let r be -1*(-8 + 9) - (-7 - -1). What is the highest common factor of 15 and r?
5
Suppose -m = -5*h + 6255, -4*h + 2334 = 4*m - 2646. What is the highest common factor of h and 10?
10
Let r be (-6)/15 + (-2763)/(-45). Let t = r + 5. What is the highest common divisor of t and 22?
22
Suppose -6*p = -73 - 5. What is the highest common factor of 91 and p?
13
Suppose -233966 = -96*l + 2*l. Calculate the greatest common divisor of 19 and l.
19
Let p be (62/(-4))/((-1)/(-14)). Let y be -2 - (-4 - 1) - p. Suppose -3*w - y = -5*w. What is the greatest common factor of w and 44?
22
Let q = -415 - -615. What is the greatest common factor of 8 and q?
8
Suppose -12 = -2*b - 4. Suppose -g + b*g = 75. Let y be (3/(-1))/(6/(-10)). Calculate the highest common factor of y and g.
5
Let g = -8 + -2. Let p be 140/8*(-64)/g. Suppose p = 4*t - 48. Calculate the greatest common factor of t and 16.
8
Suppose 2*s - 12 = -s. Suppose -6 = 3*k - 5*k. Suppose k*n = -5*j + 8, -7 - 2 = -5*n - 4*j. What is the greatest common factor of s and n?
1
Let f = -1288 + 1318. Calculate the highest common divisor of f and 170.
10
Suppose -15*g = -21*g + 558. Calculate the greatest common factor of 6 and g.
3
Let j = 20 - 17. Suppose -4*z = -3*l - 64, 0 = -3*z - j*l + 23 + 46. What is the highest common divisor of z and 171?
19
Let q(f) = f**2 + 443. Let j be q(0). Suppose 5*x = j + 57. Calculate the greatest common divisor of x and 40.
20
Suppose 1212 = 4*o + 4*b, -3*o - b = 2*o - 1527. What is the greatest common divisor of 34 and o?
34
Suppose -18*f - 376 = -22*f. Suppose 3*a = -5*m + 34 + 163, -5*a = 2*m - f. What is the highest common factor of m and 185?
37
Suppose 0 = 5*z - 5*i - 80, 5*z - 2*i - 60 - 8 = 0. Suppose -b = 3*f - 18 - z, -4*f - b = -41. What is the greatest common factor of f and 88?
11
Let m(h) = 7*h + 143. Let j be m(-19). Calculate the greatest common divisor of 30 and j.
10
Let m(j) = j + 43. Let c be m(8). Let p(b) = 4*b + 1. Let q(t) = -1. Let u(v) = p(v) + 4*q(v). Let f be u(5). What is the highest common factor of f and c?
17
Let k be -1 - ((-744)/4 + 12/(-6)). Let m be 1 - (-4)/6*-3. Let d = 18 + m. Calculate the greatest common divisor of k and d.
17
Let t(n) = -2*n - 18. Let a be t(-7). Let x be (20/15)/(a/(-18)). Calculate the highest common divisor of 66 and x.
6
Suppose 0 = 3*h + h - 960. Let c = 1138 + -1123. Calculate the highest common factor of c and h.
15
Let r be 13 + (2/(-3))/(96/144). Suppose -y - 2*y + 2*z = -6, 3*y + 5*z - 27 = 0. Suppose -y*x + 56 + 40 = 0. What is the greatest common factor of r and x?
12
Let q = 217 - -70. Calculate the greatest common divisor of q and 369.
41
Suppose -3*o - 732 = -2*z, 3*o = 5*z - 826 - 986. What is the greatest common factor of z and 20?
20
Let x(r) = 9*r + 67. Let g be x(5). What is the greatest common divisor of 14 and g?
14
Let a(x) = -32*x - 60. Let f be a(-4). Calculate the greatest common factor of f and 85.
17
Suppose -6*o = -2*o, 4*o = 3*d - 6. Suppose -2 = d*i - 254. Calculate the highest common divisor of 14 and i.
14
Suppose 140 = 12*z - 112. What is the greatest common factor of z and 483?
21
Suppose -3*v + 7*v - 2712 = 0. Suppose v - 83 = 5*t. Let q be 420/25 + 18/(-10) + 2. Calculate the highest common divisor of t and q.
17
Suppose 23 = 3*g + 5*d, 4*g - 2*d - 18 - 4 = 0. What is the highest common factor of 192 and g?
6
Suppose -4*d - 3*h = d - 92, -3*d + 5*h + 28 = 0. Suppose -2*u - 2 = 2. Let f be 38 - (4/u - 0). Calculate the greatest common factor of d and f.
8
Suppose -2*c + 111 = -b, -2*c - 171 = -5*c + 3*b. Let k = 1 + 35. Calculate the greatest common divisor of c and k.
18
Let g be (2 - 10/4) + (-1122)/(-68). Calculate the greatest common divisor of 56 and g.
8
Let y(b) = -4*b**2 + 1. Let t be y(1). Let q be 42/t*(-6)/21. Let m be 4/6 + 10/3. What is the highest common factor of q and m?
4
Let k = 186 - 138. What is the greatest common factor of 120 and k?
24
Let u = 1760 + -1715. Let p be 1 + 5*1 - 1. What is the greatest common factor of p and u?
5
Let p = 647 + -642. Calculate the greatest common divisor of 40 and p.
5
Let n be (-472)/10*70/(-4). Calculate the greatest common factor of n and 14.
14
Suppose -27*v + 4560 = 3*v. Calculate the highest common factor of 266 and v.
38
Suppose -2*f + 3*g = -594, 26*f + 4*g = 28*f - 592. What is the highest common divisor of 12 and f?
12
Suppose 4*j = t + 2*j - 7, -5*j - 5 = 0. Suppose -t*o - 2*d = -23 - 15, 0 = 2*d - 8. Calculate the greatest common factor of 30 and o.
6
Let y = 50 - -104. What is the greatest common factor of y and 44?
22
Let v be -3 + -1 - -38*1. Let r = 46 - v. What is the greatest common divisor of r and 30?
6
Let c = 346 + -339. Calculate the greatest common factor of 448 and c.
7
Let r be 8/24 - 3/((-18)/(-380)). Let y = -38 - r. Calculate the greatest common factor of 125 and y.
25
Suppose 7 = 2*a - 47. Let w = a - -5. What is the highest common divisor of w and 16?
16
Suppose 4*b + m = 589, -413 = -6*b + 3*b + 5*m. Suppose j - 43 - b = 0. What is the greatest common divisor of j and 21?
21
Let y be (11 - (5 + 4)) + 7. Suppose 4*d = -d + 15. Calculate the highest common divisor of d and y.
3
Let t be -4 + 9 + 15*(-1)/(-3). Suppose 23 = 5*h - 27. What is the highest common factor of t and h?
10
Suppose -55 = -2*i + 5*s, 3*i - 4*s - 12 = 67. Suppose -n = -6*n + i. Suppose 18 = -2*a + 58. Calculate the highest common divisor of a and n.
5
Suppose -95 = -t + 5*p + 45, 4*t + 5*p - 610 = 0. Let l(i) = i**2 - 8*i - 3. Let j be l(-3). Calculate the greatest common factor of j and t.
30
Let q = 877 - 859. Calculate the highest common factor of 62 and q.
2
Let c = 11 + -5. Suppose -i - i = -c. Let w(z) = 4*z - 5. Let f be w(8). What is the highest common factor of f and i?
3
Let i(v) = -4*v**3 - 4*v**2 - 2*v + 1. Let c be i(-2). Let w = -305 - -308. What is the highest common divisor of w and c?
3
Suppose 5*z - 26 = -3*w, 0 = -3*z + 4*w + 3 + 1. Let k be 44/3 + (-3)/(-9). Let q be k + z + 0/1. Calculate the greatest common divisor of q and 19.
19
Let j(y) = 138*y + 418. Let s be j(-3). Let k(u) = 2*u**2 + u. Suppose 6 = 3*r - 0. Let h be k(r). Calculate the highest common divisor of s and h.
2
Let m be 7 - (20/(-90) - 3124/36). Calculate the highest common factor of m and 2538.
94
Let s be (-2)/(-3)*(-211 + 4). Let d be (-4)/24*4*s. Let q = d + 36. What is the greatest common divisor of 16 and q?
16
Let f = 166 - 18. Calculate the greatest common factor of f and 259.
37
Let h(m) = -8*m - 132. Let x be h(-26). Calculate the highest common factor of 4 and x.
4
Suppose 13*d - 25 = 8*